
9
What is the millions digit of 2559559915?
9
What is the ten millions digit of 1697700354?
9
What is the units digit of 2042203131?
1
What is the ten millions digit of 1442877385?
4
What is the hundred millions digit of 228204126?
2
What is the units digit of 69669454?
4
What is the thousands digit of 22288406?
8
What is the ten millions digit of 3489040916?
8
What is the thousands digit of 19038725?
8
What is the millions digit of 26331686?
6
What is the units digit of 146901431?
1
What is the hundred thousands digit of 2659903885?
9
What is the hundred thousands digit of 37226084?
2
What is the hundreds digit of 827917550?
5
What is the hundred thousands digit of 573930986?
9
What is the ten thousands digit of 42806860?
0
What is the hundred thousands digit of 37319380?
3
What is the hundreds digit of 44548596?
5
What is the millions digit of 84379919?
4
What is the thousands digit of 2944862436?
2
What is the thousands digit of 51529051?
9
What is the hundreds digit of 575432165?
1
What is the hundred millions digit of 1426959553?
4
What is the millions digit of 1204422696?
4
What is the hundred millions digit of 2593031250?
5
What is the billions digit of 3000896852?
3
What is the hundred millions digit of 235996589?
2
What is the hundreds digit of 48346177?
1
What is the tens digit of 214847568?
6
What is the ten thousands digit of 1932978279?
7
What is the hundreds digit of 289269002?
0
What is the millions digit of 2913402284?
3
What is the thousands digit of 4315298824?
8
What is the hundreds digit of 43392864?
8
What is the millions digit of 1058688847?
8
What is the thousands digit of 40619686?
9
What is the hundred thousands digit of 7118963734?
9
What is the thousands digit of 2122495470?
5
What is the tens digit of 28440902?
0
What is the hundred thousands digit of 1227454071?
4
What is the units digit of 192241452?
2
What is the ten thousands digit of 21993921?
9
What is the hundreds digit of 125790299?
2
What is the ten thousands digit of 2474634796?
3
What is the millions digit of 4624560779?
4
What is the ten thousands digit of 81003702?
0
What is the hundred thousands digit of 634957653?
9
What is the hundreds digit of 78065974?
9
What is the units digit of 20199868?
8
What is the thousands digit of 36343415?
3
What is the ten millions digit of 35422844?
3
What is the units digit of 7231076?
6
What is the ten millions digit of 1756982087?
5
What is the ten thousands digit of 1186363089?
6
What is the thousands digit of 281316143?
6
What is the units digit of 898256?
6
What is the tens digit of 29028583?
8
What is the billions digit of 1865186148?
1
What is the units digit of 733367560?
0
What is the millions digit of 675834574?
5
What is the ten thousands digit of 345935553?
3
What is the ten millions digit of 745389271?
4
What is the tens digit of 9780234?
3
What is the hundred thousands digit of 1049703668?
7
What is the ten millions digit of 39346841?
3
What is the units digit of 100803189?
9
What is the ten thousands digit of 5722521?
2
What is the ten thousands digit of 857037575?
3
What is the ten millions digit of 71317158?
7
What is the hundred millions digit of 549147244?
5
What is the ten millions digit of 1098109124?
9
What is the units digit of 2180752821?
1
What is the thousands digit of 391487106?
7
What is the thousands digit of 112888129?
8
What is the hundred millions digit of 237748859?
2
What is the hundreds digit of 95347147?
1
What is the ten thousands digit of 149858928?
5
What is the ten millions digit of 7748711891?
4
What is the hundreds digit of 17803182?
1
What is the thousands digit of 21900177?
0
What is the units digit of 74031342?
2
What is the ten millions digit of 3698768007?
9
What is the tens digit of 78487419?
1
What is the billions digit of 1307911860?
1
What is the thousands digit of 259869894?
9
What is the ten thousands digit of 56058108?
5
What is the tens digit of 197223100?
0
What is the hundreds digit of 115415352?
3
What is the ten millions digit of 73775053?
7
What is the ten thousands digit of 162688724?
8
What is the ten thousands digit of 234828946?
2
What is the hundred millions digit of 1673805762?
6
What is the ten millions digit of 22914518?
2
What is the millions digit of 1038775852?
8
What is the ten millions digit of 184825414?
8
What is the millions digit of 44518719?
4
What is the tens digit of 284536893?
9
What is the hundred thousands digit of 20505869?
5
What is the hundred millions digit of 264826838?
2
What is the hundred thousands digit of 74394356?
3
What is the hundreds digit of 7427486?
4
What is the ten thousands digit of 106523243?
2
What is the millions digit of 17324731?
7
What is the thousands digit of 176863012?
3
What is the hundreds digit of 44750572?
5
What is the tens digit of 42544050?
5
What is the tens digit of 2196841832?
3
What is the millions digit of 2671425149?
1
What is the ten millions digit of 1571147937?
7
What is the ten millions digit of 45649759?
4
What is the tens digit of 22221274?
7
What is the ten millions digit of 106833477?
0
What is the ten millions digit of 33968221?
3
What is the units digit of 915110245?
5
What is the ten millions digit of 241487130?
4
What is the millions digit of 1538697956?
8
What is the thousands digit of 221079233?
9
What is the ten millions digit of 1524812067?
2
What is the millions digit of 860557079?
0
What is the tens digit of 154113265?
6
What is the ten millions digit of 917774014?
1
What is the millions digit of 7142768754?
2
What is the hundreds digit of 251713288?
2
What is the tens digit of 441135130?
3
What is the ten thousands digit of 317125202?
2
What is the thousands digit of 3212967789?
7
What is the hundred millions digit of 332985495?
3
What is the units digit of 61774227?
7
What is the ten thousands digit of 115282463?
8
What is the units digit of 149645238?
8
What is the hundred thousands digit of 78068997?
0
What is the hundred thousands digit of 45580328?
5
What is the ten thousands digit of 3101335928?
3
What is the ten millions digit of 418827603?
1
What is the tens digit of 29113581?
8
What is the tens digit of 58981349?
4
What is the millions digit of 51886397?
1
What is the hundred millions digit of 1430376098?
4
What is the units digit of 44516539?
9
What is the hundreds digit of 4415713852?
8
What is the hundred thousands digit of 2435145418?
1
What is the ten millions digit of 86633904?
8
What is the thousands digit of 477152457?
2
What is the millions digit of 58603868?
8
What is the billions digit of 1730899393?
1
What is the ten thousands digit of 43410949?
1
What is the thousands digit of 33590664?
0
What is the ten thousands digit of 2924547467?
4
What is the tens digit of 621375440?
4
What is the tens digit of 376324645?
4
What is the hundreds digit of 1366317834?
8
What is the hundreds digit of 179114338?
3
What is the tens digit of 76432455?
5
What is the ten thousands digit of 33547956?
4
What is the ten millions digit of 12153519?
1
What is the thousands digit of 1140981272?
1
What is the hundred thousands digit of 639015314?
0
What is the ten millions digit of 361513445?
6
What is the ten thousands digit of 154378444?
7
What is the hundred thousands digit of 431557042?
5
What is the thousands digit of 465489323?
9
What is the hundred thousands digit of 118046869?
0
What is the tens digit of 630516366?
6
What is the ten millions digit of 1306778064?
0
What is the units digit of 972875848?
8
What is the ten millions digit of 1104755344?
0
What is the tens digit of 1787181028?
2
What is the units digit of 108499794?
4
What is the ten thousands digit of 45698299?
9
What is the hundreds digit of 590285729?
7
What is the tens digit of 108252530?
3
What is the thousands digit of 8617449?
7
What is the millions digit of 884253365?
4
What is the ten thousands digit of 1092055?
9
What is the thousands digit of 2115587680?
7
What is the hundreds digit of 2246853427?
4
What is the thousands digit of 2219657862?
7
What is the tens digit of 4135671069?
6
What is the billions digit of 1214560906?
1
What is the millions digit of 1695789923?
5
What is the billions digit of 1824663734?
1
What is the hundred thousands digit of 1180537381?
5
What is the hundred thousands digi